1, 31
What are the prime factors of 11058?
2, 3, 19, 97
List the prime factors of 28539.
3, 7, 151
List the prime factors of 7106.
2, 11, 17, 19
List the prime factors of 30422.
2, 7, 41, 53
What are the prime factors of 3757?
13, 17
What are the prime factors of 2133?
3, 79
List the prime factors of 161.
7, 23
List the prime factors of 24358.
2, 19, 641
List the prime factors of 548.
2, 137
List the prime factors of 13862.
2, 29, 239
What are the prime factors of 121866?
2, 3, 19, 1069
List the prime factors of 16953.
3, 5651
List the prime factors of 1125.
3, 5
What are the prime factors of 5178?
2, 3, 863
What are the prime factors of 220?
2, 5, 11
List the prime factors of 10222.
2, 19, 269
List the prime factors of 5162.
2, 29, 89
What are the prime factors of 680?
2, 5, 17
List the prime factors of 236.
2, 59
What are the prime factors of 607?
607
What are the prime factors of 9233?
7, 1319
List the prime factors of 539.
7, 11
List the prime factors of 17872.
2, 1117
What are the prime factors of 16587?
3, 19, 97
List the prime factors of 52241.
7, 17, 439
What are the prime factors of 5357?
11, 487
What are the prime factors of 1297?
1297
List the prime factors of 2821.
7, 13, 31
What are the prime factors of 760?
2, 5, 19
What are the prime factors of 6066?
2, 3, 337
What are the prime factors of 1921?
17, 113
List the prime factors of 871.
13, 67
What are the prime factors of 2661?
3, 887
What are the prime factors of 77252?
2, 7, 31, 89
What are the prime factors of 8644?
2, 2161
List the prime factors of 1035.
3, 5, 23
What are the prime factors of 8327?
11, 757
What are the prime factors of 1956?
2, 3, 163
List the prime factors of 6428.
2, 1607
List the prime factors of 96751.
31, 3121
What are the prime factors of 2979?
3, 331
What are the prime factors of 100025?
5, 4001
What are the prime factors of 146232?
2, 3, 677
List the prime factors of 76513.
19, 4027
List the prime factors of 2333.
2333
List the prime factors of 4238.
2, 13, 163
List the prime factors of 23803.
13, 1831
What are the prime factors of 18?
2, 3
List the prime factors of 10474.
2, 5237
What are the prime factors of 1636?
2, 409
List the prime factors of 9489.
3, 3163
List the prime factors of 288.
2, 3
List the prime factors of 1192.
2, 149
List the prime factors of 5015.
5, 17, 59
What are the prime factors of 4224?
2, 3, 11
List the prime factors of 1452.
2, 3, 11
What are the prime factors of 2813?
29, 97
List the prime factors of 24615.
3, 5, 547
List the prime factors of 78641.
19, 4139
What are the prime factors of 26846?
2, 31, 433
List the prime factors of 12372.
2, 3, 1031
List the prime factors of 6352.
2, 397
What are the prime factors of 3564?
2, 3, 11
What are the prime factors of 65824?
2, 11, 17
What are the prime factors of 1178?
2, 19, 31
List the prime factors of 16948.
2, 19, 223
List the prime factors of 21013.
21013
What are the prime factors of 40027?
13, 3079
List the prime factors of 4089.
3, 29, 47
What are the prime factors of 37349?
13, 17
List the prime factors of 1590.
2, 3, 5, 53
What are the prime factors of 1766?
2, 883
What are the prime factors of 1688?
2, 211
List the prime factors of 1939.
7, 277
List the prime factors of 2664.
2, 3, 37
What are the prime factors of 11460?
2, 3, 5, 191
List the prime factors of 71857.
181, 397
What are the prime factors of 12980?
2, 5, 11, 59
List the prime factors of 6460.
2, 5, 17, 19
What are the prime factors of 14836?
2, 3709
What are the prime factors of 486?
2, 3
List the prime factors of 14113.
11, 1283
What are the prime factors of 91411?
91411
What are the prime factors of 127168?
2, 1987
What are the prime factors of 22951?
59, 389
List the prime factors of 447.
3, 149
What are the prime factors of 4363?
4363
What are the prime factors of 31335?
3, 5, 2089
What are the prime factors of 1150?
2, 5, 23
List the prime factors of 248.
2, 31
What are the prime factors of 17229?
3, 5743
What are the prime factors of 64469?
23, 2803
List the prime factors of 861.
3, 7, 41
List the prime factors of 13555.
5, 2711
List the prime factors of 47022.
2, 3, 17, 461
What are the prime factors of 1037?
17, 61
What are the prime factors of 82296?
2, 3, 127
List the prime factors of 2513.
7, 359
What are the prime factors of 1905?
3, 5, 127
What are the prime factors of 9737?
7, 13, 107
What are the prime factors of 24398?
2, 11, 1109
What are the prime factors of 5143?
37, 139
List the prime factors of 11999.
13, 71
List the prime factors of 91608.
2, 3, 11, 347
What are the prime factors of 47365?
5, 9473
What are the prime factors of 2103?
3, 701
What are the prime factors of 12370?
2, 5, 1237
What are the prime factors of 106695?
3, 5, 2371
List the prime factors of 3808.
2, 7, 17
List the prime factors of 1074.
2, 3, 179
What are the prime factors of 3465?
3, 5, 7, 11
List the prime factors of 2852.
2, 23, 31
List the prime factors of 2265.
3, 5, 151
List the prime factors of 932.
2, 233
What are the prime factors of 580?
2, 5, 29
What are the prime factors of 1589?
7, 227
List the prime factors of 7145.
5, 1429
What are the prime factors of 1886?
2, 23, 41
List the prime factors of 1840.
2, 5, 23
What are the prime factors of 2496?
2, 3, 13
What are the prime factors of 935?
5, 11, 17
What are the prime factors of 532?
2, 7, 19
What are the prime factors of 1636?
2, 409
What are the prime factors of 1396?
2, 349
List the prime factors of 248.
2, 31
What are the prime factors of 1226?
2, 613
List the prime factors of 1012.
2, 11, 23
What are the prime factors of 19727?
19727
List the prime factors of 15.
3, 5
List the prime factors of 259.
7, 37
List the prime factors of 1681.
41
List the prime factors of 1767.
3, 19, 31
List the prime factors of 22984.
2, 13, 17
What are the prime factors of 5311?
47, 113
What are the prime factors of 3469?
3469
What are the prime factors of 30156?
2, 3, 7, 359
List the prime factors of 7864.
2, 983
List the prime factors of 558.
2, 3, 31
What are the prime factors of 45270?
2, 3, 5, 503
List the prime factors of 2403.
3, 89
What are the prime factors of 2121?
3, 7, 101
List the prime factors of 35337.
3, 11779
List the prime factors of 192.
2, 3
List the prime factors of 3502.
2, 17, 103
What are the prime factors of 450?
2, 3, 5
What are the prime factors of 14760?
2, 3, 5, 41
What are the prime factors of 10181?
10181
What are the prime factors of 651?
3, 7, 31
What are the prime factors of 1474?
2, 11, 67
List the prime factors of 276.
2, 3, 23
List the prime factors of 6957.
3, 773
What are the prime factors of 47519?
19, 41, 61
What are the prime factors of 30466?
2, 15233
What are the prime factors of 5135?
5, 13, 79
List the prime factors of 4252.
2, 1063
What are the prime factors of 3833?
3833
What are the prime factors of 17665?
5, 3533
List the prime factors of 675.
3, 5
What are the prime factors of 8064?
2, 3, 7
List the prime factors of 9236.
2, 2309
What are the prime factors of 12028?
2, 31, 97
What are the prime factors of 8006?
2, 4003
List the prime factors of 292.
2, 73
List the prime factors of 32407.
23, 1409
What are the prime factors of 55741?
7, 7963
List the prime factors of 115.
5, 23
What are the prime factors of 2510?
2, 5, 251
What are the prime factors of 6845?
5, 37
List the prime factors of 6717.
3, 2239
List the prime factors of 3085.
5, 617
List the prime factors of 39937.
39937
List the prime factors of 2499.
3, 7, 17
What are the prime factors of 194861?
194861
What are the prime factors of 29030?
2, 5, 2903
What are the prime factors of 2753?
2753
List the prime factors of 39390.
2, 3, 5, 13, 101
List the prime factors of 1163.
1163
List the prime factors of 3005.
5, 601
List the prime factors of 21410.
2, 5, 2141
What are the prime factors of 1099?
7, 157
What are the prime factors of 20928?
2, 3, 109
List the prime factors of 7546.
2, 7, 11
List the prime factors of 40704.
2, 3, 53
List the prime factors of 1535.
5, 307
List the prime factors of 6343.
6343
What are the prime factors of 6814?
2, 3407
What are the prime factors of 6013?
7, 859
List the prime factors of 6569.
6569
What are the prime factors of 158?
2, 79
List the prime factors of 44047.
17, 2591
List the prime factors of 89481.
3, 7, 4261
What are